t z be n(-6). Suppose -2*v - 6 = 3*y, -6 - 13 = -5*v + y. Suppose 4*m - v*m - 10 = z. What are the prime factors of m?
2, 5
List the prime factors of (0 - -41)/(3 + -2).
41
Suppose -2*q + 24 = 4*i, -4*q = -13 - 3. Suppose -r = i*m + m - 38, 0 = 3*m - 2*r - 15. List the prime factors of m.
7
Suppose -195 = -4*b - 0*b - 3*c, 4*c + 92 = 2*b. Let h = -21 + b. List the prime factors of h.
3
Suppose 0 = -v + 5 - 0. Suppose v*f = 4*h - 23, -f = -2*h + 6 + 7. List the prime factors of h.
7
Let n(l) = 1. Let u(g) = -2*g - 6. Let t(o) = -14*n(o) - 2*u(o). What are the prime factors of t(5)?
2, 3
Let y = -19 - -27. Let b be (-15)/(-20) + 490/y. Suppose 3*g - b = -5*i, -34 = -3*i - 3*g + 2*g. What are the prime factors of i?
2, 5
Let a(q) = q**2 + 3*q - 2. Let t(j) = j**3 - 5*j**2 + 4*j + 3. Let l be t(4). What are the prime factors of a(l)?
2
Let c(l) = 14*l**3 - l**2 - 3*l + 5*l - 2*l. What are the prime factors of c(1)?
13
Let d = 0 - 1. List the prime factors of (-4)/((-2)/(d - -3)).
2
Suppose -p = 3*a + 170, -3*a - 4*p = 55 + 112. Let o = -13 - a. What are the prime factors of o?
2, 11
Let n(b) = b**3 - 4*b**2 + 4*b - 2. List the prime factors of n(5).
43
List the prime factors of 62/(0 + 1/2).
2, 31
Suppose 2*v + 5*b = 223, 4*b - 289 = -3*v + 35. What are the prime factors of v?
2, 13
Suppose 3*r + 438 = 9*r. List the prime factors of r.
73
Let b = 685 + -406. List the prime factors of b.
3, 31
Let s be 1/((-3)/(-177)*1). What are the prime factors of (-20)/25 - s/(-5)?
11
Let p(u) be the second derivative of u**3/6 + 4*u**2 - u. What are the prime factors of p(6)?
2, 7
Suppose -7*y = -2*y + 45. Let b = y + 19. What are the prime factors of b?
2, 5
Suppose 0 = -0*q - 2*q + 146. List the prime factors of q.
73
Suppose -3*u = -4*f - 0 - 1, -4*u - 5*f + 22 = 0. Suppose -p - u*p = 0. Suppose -3*z - 5*t + 23 = p, 5*z - 2*t - 6 = 22. List the prime factors of z.
2, 3
Suppose 2052 = 6*f + 546. What are the prime factors of f?
251
Let u be (1 + (-14)/(-10))*-5. What are the prime factors of (u/5)/(1/(-5))?
2, 3
Suppose 4*w - 3*w = 154. List the prime factors of w.
2, 7, 11
What are the prime factors of 1/(2 + (-170)/86)?
43
Let r = 3 - 0. Suppose 8*i - 3*i - 50 = 4*d, 0 = 2*d - r*i + 24. Let z = d - -27. What are the prime factors of z?
2, 3
Let o = 19 + -13. Suppose -2*k + 3*d + o = 0, -5*k + 0*k - d = -15. Suppose -2*x - 4 = -k*x. What are the prime factors of x?
2
Suppose 3*z - 56 = 40. Suppose 0 = 5*y - y - z. Suppose -3*p = -y*p + 75. List the prime factors of p.
3, 5
Suppose 0 = 3*m - d - 37 - 69, 0 = 2*m + 2*d - 60. Suppose -21 = -5*r + m. List the prime factors of r.
11
List the prime factors of (59/(-3))/((-3)/9).
59
Suppose -3*c - 10 = -5*c. Let x(q) = -q**3 + 5*q**2 + q + 1. What are the prime factors of x(c)?
2, 3
List the prime factors of 90/12*1*-6*-1.
3, 5
Let r be (3/(-6))/((-2)/(-4)). Let l be r - (-2 + 0 - -2). What are the prime factors of l/((-1)/5 - 0)?
5
Suppose -5*v + 2*v + 4*q = -7, 2*q = -2*v. Suppose 5*f + 3*t = v, -t + 3 = 3*f - 0. Suppose -f*p - 11 = -3*p. List the prime factors of p.
11
Suppose 310 = -30*u + 35*u. What are the prime factors of u?
2, 31
Suppose -5*m + 0*m + 385 = 0. Suppose -3*t + m = -4*g - 32, -4*t + 104 = 5*g. What are the prime factors of t?
31
Let o(z) = -z**3 - 4*z**2 + 6*z + 7. Let w be o(-5). Suppose -4*t + 30 = w*s, 5*t - 21 = s + 2*s. What are the prime factors of t?
2, 3
What are the prime factors of 6/(-15) - (-5)/(100/7548)?
13, 29
Let m be 1 + 0 + 4 + -2. Suppose -2*t + 2*w = 6, -m*w = 4*t - 13 - 10. List the prime factors of t.
2
Let r be 2/((-4)/(-6)) + 7. Let c = -26 + r. What are the prime factors of 5 + -6 + (-2 - c)?
13
Let n = -11 - -8. What are the prime factors of -1 + 23/1 + n?
19
What are the prime factors of 3/((18/(-105))/(-2))?
5, 7
Let j = 0 + 15. Suppose g = j - 3. What are the prime factors of g?
2, 3
Suppose 5*i = -3*m + 7*m - 14, -3*m = -5*i - 18. What are the prime factors of (68/i)/((-12)/18)?
17
Let w = 119 - 53. List the prime factors of w.
2, 3, 11
Let i(p) = 19*p + 2. Let j be i(2). What are the prime factors of j/6*(-21)/(-14)?
2, 5
List the prime factors of 2508/9 + (1 + -2)/(-3).
3, 31
Suppose -5*g = -d - 143, -d + 127 = 4*g - 6*d. List the prime factors of g.
2, 7
Suppose -4*u = -m - 0*m - 13, -4*m = -3*u. Suppose -u*l + 0*l + 20 = z, -52 = -3*z - 4*l. List the prime factors of z.
2
List the prime factors of 12/20 + 167/5.
2, 17
Suppose g = 6*g. Suppose g = 2*u - u + 6. List the prime factors of 10/15 - 50/u.
3
Suppose -595 = -5*n + 5*d, 113 = n - 2*d + 7*d. What are the prime factors of n?
2, 59
Suppose 88 + 17 = 3*r. Let c = r + -21. Let y = 2 + c. What are the prime factors of y?
2
Let d(f) = -7*f**2 - 12*f + 10. Let s(l) = 4*l**2 + 6*l - 5. Let k(c) = 3*d(c) + 5*s(c). What are the prime factors of k(-4)?
13
Let x be 2 - (-5 + 2 + 1). Suppose -f + x*f - 2*a = 8, -f + 6 = -4*a. Let s = f - 0. What are the prime factors of s?
2
Suppose 2*r - 4*r - 17 = -z, 53 = 4*z - 5*r. List the prime factors of z.
7
Let q = -10 + 14. Suppose -3*s = -2*s + q*k - 39, k = 3. List the prime factors of s.
3
Let f be 145*(-9)/((-45)/2). Suppose -5*o + g + 269 = -0*g, 4*g - f = -o. What are the prime factors of o?
2, 3
Let q be (-51)/(-15) + 2/(-5). Suppose -57 = -4*z - c, -2*c - 1 = q*z - 40. What are the prime factors of z?
3, 5
Let w(b) = 1 - 5*b + 3*b - 2*b**2 + 1 - 10*b**3 - 3. List the prime factors of w(-1).
3
Let m(z) = 0 + 6 - 4 - 6*z - 5*z**2 + z**3. List the prime factors of m(6).
2
Let g = -3 + 9. What are the prime factors of g?
2, 3
List the prime factors of (160/(-6))/(18/(-135)).
2, 5
Let d(i) = -3*i**3 + 4*i**2 - 3*i + 1. Let t be d(2). Let k(b) = -2*b + 35. Let v(p) = p - 17. Let l(a) = t*v(a) - 6*k(a). What are the prime factors of l(9)?
2
Suppose 18 = 8*k - 4*k - 3*u, 0 = 3*u + 6. Suppose 15 - 42 = -k*i. Let m = 17 - i. What are the prime factors of m?
2
Suppose -2*t + 2 = -r + 3, 4*t + 5 = r. What are the prime factors of 3*r/(1/(-1))?
3
Suppose 0*m = 3*c + 3*m - 30, 0 = -5*c - m + 62. Let n = -9 + c. What are the prime factors of n?
2
Let z(l) = -l**3 + l**2 - 2*l + 72. What are the prime factors of z(0)?
2, 3
What are the prime factors of ((-279)/18)/(1/(-14))?
7, 31
Let a = -113 + 185. What are the prime factors of a?
2, 3
Suppose -2*l - 2*l = -2*b + 14, -2*l - 34 = -4*b. List the prime factors of b.
3
Let r be (12 - 1) + (-3 - -4). Suppose f - r = -3*f. Let c(t) = t**3 - t**2 - 3*t + 2. List the prime factors of c(f).
11
Suppose 4*v - 193 = 3*q, -282 + 64 = -4*v - 2*q. List the prime factors of v.
2, 13
Let v = -7 + 18. Let w(f) = 3*f - 5. List the prime factors of w(v).
2, 7
Let f be ((-3)/(-3) - -1)/2. Let x(v) = 38*v**2 + 2*v - 1. What are the prime factors of x(f)?
3, 13
Let b = 0 - 8. Let q = -5 - b. List the prime factors of q.
3
Suppose -16*l + 435 = -11*l. List the prime factors of l.
3, 29
Let d = -131 - -217. Suppose 3*h = -z + d, 23 = 5*h + z - 119. Let s = 41 - h. List the prime factors of s.
13
Let s(t) = -t + 1. Let w be (-17)/(-2) - (-1)/2. Let n = 2 - w. What are the prime factors of s(n)?
2
Suppose -21 = 4*n + 19. What are the prime factors of (-146)/n - 6/10?
2, 7
Let w(p) = p**3 - 3*p**2 - 6*p + 4. Let i be w(4). Let x = 19 + i. What are the prime factors of x?
3, 5
Suppose -20 = -c - 3*c. Let d(s) = 2*s**2 - 6*s - 7. What are the prime factors of d(c)?
13
List the prime factors of (19 - 20)/(42/22 + -2).
11
Let i(g) be the third derivative of -g**6/144 - g**5/30 - g**4/24 + 3*g**2. Let k(l) be the second derivative of i(l). What are the prime factors of k(-3)?
11
Let o(r) = r + 3. Let u be o(5). Suppose 0 = -h + 2*h - u. List the prime factors of h.
2
Let k(g) = -g - 3. Let f be k(-3). Let u(c) = -2*c + 1 + 2 - 1 + c. What are the prime factors of u(f)?
2
Let t = -5 + 5. Suppose -2*c + 2*d - 28 = t, -2*c = -c - 4*d + 20. List the prime factors of (8/c)/((-2)/42).
2, 7
Suppose 0 = 10*a - 6*a - 56. What are the prime factors of a?
2, 7
What are the prime factors of 3/21 - 6444/(-21)?
307
Suppose -5355 + 54 = -19*z. What are the prime factors of z?
3, 31
Let p = 848 + -582. List the prime factors of p.
2, 7, 19
Suppose 0*q - q = 0. Suppose q = -2*w + 2*j + 88, -5*w + 2*j + 94 + 123 = 0. What are the prime factors of w?
43
Let x(f) be the third 